e factors of (f/5)/(1564/(-520) - -3)?
2, 3, 13
Let q(w) = w**2 - 4*w. Let j be q(5). Suppose -j*n + 12 = -n. Let o = n - -3. What are the prime factors of o?
2, 3
Suppose -r = 5*h - 0 + 2, -3*h + 5*r = 18. Let s(q) = 28*q**2 - 2. What are the prime factors of s(h)?
2, 13
Suppose -7*r + 4321 = 149. What are the prime factors of r?
2, 149
Suppose m - 7 = -0*m. Suppose -3*n = 25 - m. What are the prime factors of 8/12 - 62/n?
11
Let m = -157 + 161. List the prime factors of 10/(-3)*(-186)/m.
5, 31
Suppose 116 = 4*f - 68. Let b = f - 19. List the prime factors of b.
3
Let t(p) be the second derivative of p**5/20 + p**4/2 + p**3/3 + 5*p**2/2 + p. Let m be 22/(-4) - 2/(-4). List the prime factors of t(m).
2, 5
Let b(r) = r**2 - 12*r + 13. Let o be b(11). Suppose 0 = o*t + 7*t - 405. List the prime factors of t.
3, 5
Suppose -38 = 5*m - 3*g, 3*m = -0*g - 3*g - 42. List the prime factors of m*(-1)/(8/4).
5
Let t = -38 + 42. Suppose 0 = -2*g + 4, t*k + 3*g = 4*g + 530. List the prime factors of k.
7, 19
Suppose 4*j = 3*r + 9586, -4*r - 9588 = -40*j + 36*j. List the prime factors of j.
5, 479
Suppose 9*t - 8*t = 11. Let d(k) = -k**2 + 10*k + 6. Let p be d(t). List the prime factors of 1/p + 451/55.
2
Suppose -10*r - 6588 + 17808 = 0. List the prime factors of r.
2, 3, 11, 17
Suppose 8*s + 3*x - 57 = 11*s, 5*s - x + 79 = 0. What are the prime factors of (-726)/s + (162/(-30) - -6)?
7
Let v = -1298 + 2452. List the prime factors of v.
2, 577
Suppose -157 = -5*q + 728. Let u = q + -123. What are the prime factors of u?
2, 3
Suppose 15*g = 6*g - 72. What are the prime factors of (-1434)/g + (132/16)/11?
2, 3, 5
Suppose -4*n + 16 = 0, 5*k + 61 = n - 2*n. Let x = k + 25. List the prime factors of x.
2, 3
Let m(x) be the third derivative of 13*x**4/8 + 7*x**3/6 - 9*x**2. Let f be m(9). Suppose -6*b + f = -92. List the prime factors of b.
3, 5
Let b be -4 + -15*4/(-12) + -53. Let w = 95 + b. List the prime factors of w.
43
Let h = 588 + 342. Suppose 0 = -5*w - 105 + h. List the prime factors of w.
3, 5, 11
Suppose 2*g - 76 = g. Let o be g/2*10/4. Let s = -45 + o. List the prime factors of s.
2, 5
Let k = -277 + 338. What are the prime factors of k?
61
Let b(x) = x**3 - 5*x**2 - 13*x + 19. List the prime factors of b(9).
2, 113
Suppose -8*b = 5*c - 9*b - 204, -b = -1. Let o = c + 13. List the prime factors of o.
2, 3
Let f = -2 + 6. Suppose 0 = -4*k + f*r + 932, -5*r + 143 = 5*k - 1012. What are the prime factors of k?
2, 29
Let q = -155 - -186. Suppose -a + 13 = 30. Let h = q - a. What are the prime factors of h?
2, 3
Let y = 22 - 20. Let z(j) = -6*j**y - 8*j - 11*j**2 + j**3 + 7*j**2 + 11. List the prime factors of z(11).
2, 11
Suppose g - 4*m = 2*g - 356, 5*g - 1665 = 3*m. What are the prime factors of g?
2, 3, 7
Let l = 715 - -1891. What are the prime factors of l?
2, 1303
Let t(i) = -i**3 - 10*i**2 - 8*i + 9. Let d be t(-9). Let p = -24 - -35. Suppose -p = -d*l - l. What are the prime factors of l?
11
Let h(s) = -s**2 + 11*s - 4. Let o be h(7). Suppose 37*u + 1 - 75 = 0. Suppose u*c - 68 = o. List the prime factors of c.
2, 23
Suppose -3*l + v + 5492 = -3850, 0 = 2*v. What are the prime factors of l?
2, 3, 173
Let a(j) = j**3 - 11*j**2 + 11*j - 10. Let u be a(10). Suppose 3*w - 3*m - 2*m - 34 = u, -2*w = -4*m - 20. Let g = w - 7. List the prime factors of g.
11
Let m = 2397 - 1538. What are the prime factors of m?
859
Let t(h) = 35*h**2 - 9*h - 6. List the prime factors of t(-3).
2, 3, 7
Suppose 6479 = 5*a + 4*v, -4*a + 13*v - 8*v = -5175. What are the prime factors of a?
5, 7, 37
Let m be (-27)/(-6)*(3 + (-2 - -5)). What are the prime factors of (1/6)/(6/m)*16?
2, 3
Suppose -3928 + 712 = -2*u. List the prime factors of u.
2, 3, 67
List the prime factors of (-441)/18*(-33 - (0 - 3)).
3, 5, 7
Let l = 11 + -11. Suppose -2*r + 2*t - 4 = 0, 0 = 3*t - l*t. Let s(q) = -q + 2. List the prime factors of s(r).
2
Let r(b) = -2*b**3 + 19*b + 170. What are the prime factors of r(-8)?
2, 521
Suppose 2*o = 2*t - 3*o - 940, 2*t - 972 = -3*o. Suppose 15*k - t = 10*k. What are the prime factors of k?
2, 3
Suppose -83*u + 94*u = 10406. List the prime factors of u.
2, 11, 43
Let u = 37 - 19. Suppose -h = -0 - u. Let t = h + -13. List the prime factors of t.
5
Suppose -22*r + 26728 = 4*r. List the prime factors of r.
2, 257
Let s(m) = 15*m**3 - 8*m - 9. What are the prime factors of s(4)?
919
Suppose 3*t = 3*u + 192, -3*t - 125 - 91 = 3*u. Suppose -10*f + 469 = -591. Let z = f + u. List the prime factors of z.
2, 19
Suppose 33 = 5*l - 72. Suppose l*r - 564 = 15*r. What are the prime factors of r?
2, 47
Let z be (-9)/45 + 18/(-10). Let r be ((-3)/z)/(30/40). List the prime factors of 600/18 + r/3.
2, 17
Let k = -613 + 643. What are the prime factors of k?
2, 3, 5
Suppose 10*s - 9*s = 5*t + 352, 2*t = 5*s - 1691. List the prime factors of s.
337
Let n = -18 - -34. Suppose -3*h + 56 = -j, 5*h + n = h. Let y = -10 - j. What are the prime factors of y?
2, 29
Let r(h) = 12 + 11 - 15*h + 42*h. List the prime factors of r(12).
347
Let a(z) = 1725*z**3 - z**2 + 11*z - 9. List the prime factors of a(1).
2, 863
Let i(d) = 17*d**2 + 15*d + 55. What are the prime factors of i(-7)?
3, 29
Let s(b) = -2*b - 44. Let k be s(-21). Let v(i) = -i**3 + 2*i**2 + 2*i + 6. List the prime factors of v(k).
2, 3
Let b(m) = -3*m**3 + m**2 + 5*m + 4. Suppose -3*h = h + 8. What are the prime factors of b(h)?
2, 11
Let f = 51 + 19. Let p = f + 4. What are the prime factors of p?
2, 37
Suppose -6*v + 3*v - 2*c = -1354, 434 = v + 5*c. What are the prime factors of v?
2, 227
Let f = 66 + -82. Let o = 334 + f. What are the prime factors of o?
2, 3, 53
Let g(w) = w**3 + 28*w**2 - 6*w + 57. List the prime factors of g(-28).
3, 5
Let i be (-1)/(-1) - (-4 + -6). Let p(a) = a**3 - 10*a**2 - 6*a - 10. Let x be p(i). Suppose -x = -3*w - 6. List the prime factors of w.
13
Suppose 6*w = 4*w + 4. Suppose 17 - w = 3*r. Suppose 33 - r = 4*h. What are the prime factors of h?
7
Suppose v = -b - 20, 8*b + 37 = -2*v + 3*b. Let o be (-8)/7*v/6. Suppose 0 = o*n - s - 83, -3*n + 22 = 5*s - 46. List the prime factors of n.
3, 7
Let q(h) = -13*h**3. Let u(p) = p + 1. Let c be u(1). Suppose d + 3 = c. What are the prime factors of q(d)?
13
Suppose 0 = 4*d - 2*d + 26. Let p(u) = u**3 + 12*u**2 - 16*u - 25. List the prime factors of p(d).
2, 7
List the prime factors of (223/4)/(4/64*2).
2, 223
Let u = 11 + 9. Suppose u + 14 = d. List the prime factors of d.
2, 17
Let v = -1391 + 1849. What are the prime factors of v?
2, 229
Let b = -15 - -32. Suppose 7*g - b*g = -900. What are the prime factors of g?
2, 3, 5
Let t = -20 + 11. Let k = t - 20. Let h = k - -61. What are the prime factors of h?
2
Let j(t) = t - 3. Let c be j(-5). What are the prime factors of (-3)/c + (-9306)/(-144)?
5, 13
Let w = -24 + 27. Suppose -5*c - 5*r + 31 = -r, -4*c - w*r = -25. List the prime factors of c.
7
Let d(q) = 4*q**3 + 2*q**2 - q. Suppose -y - 1 = -2*y. Let v be d(y). Suppose -5*n + v = -5, 2*m - 28 = -4*n. What are the prime factors of m?
2, 5
Let l(m) = 14*m**3 - 2*m**2 - 3*m - 8. What are the prime factors of l(3)?
7
Let o(a) = 2*a**2 - 3*a**2 + 26 - 43 + 23*a. List the prime factors of o(16).
5, 19
Let y be ((-132)/(-24))/((-2)/(-4)). Suppose y*j + 3 = 12*j. Suppose 0*d - j*d + 48 = 0. What are the prime factors of d?
2
Suppose -2*q - 3*y = -8697, 2*y = -33*q + 34*q - 4331. What are the prime factors of q?
3, 1447
Suppose 4*i - 2*i = -60. Let n be (i/7)/((-6)/42). Suppose 4*y = y + n. What are the prime factors of y?
2, 5
Let w(s) = -213*s - 437. List the prime factors of w(-6).
29
Let n(k) = k**3 - 2*k**2 - 2*k - 2. Suppose 2*t = -h + 8, 2*h + 4 = -0*h. List the prime factors of n(t).
3, 7
Let t(s) = 20*s**3 - 3*s**2 - 2*s - 3. What are the prime factors of t(3)?
2, 3, 7
Suppose 5*o - 22 = -h + 29, 3*h - 133 = 5*o. List the prime factors of h.
2, 23
Let q(l) = 1505*l**2 + 11*l + 12. List the prime factors of q(-1).
2, 3, 251
Let t(o) = 5*o**2 + 41*o - 301. List the prime factors of t(-33).
17, 223
Let b(n) = -5*n**3 - 15*n**2 + 3*n + 18. List the prime factors of b(-6).
2, 3, 5
Let j(g) be the third derivative of -17*g**6/120 - g**4/8 - g**3/3 - 12*g**2. What are the prime factors of j(-1)?
2, 3
Suppose -151 = -q + 3*r, -r - 3*r + 20 = 0. Let 